801*i - 7203. What is c(-9)?
6
Let m(j) = -j**2 + 16*j + 75. Determine m(18).
39
Let c(v) = -2*v + 4. What is c(-2)?
8
Let c(w) = -950*w + 8457. Determine c(9).
-93
Let v(l) = 357*l - 1460. What is v(4)?
-32
Let u(c) = 913*c + 2680. Give u(-3).
-59
Let k(q) = 21*q**3 - q**2 - 16*q + 50. Give k(3).
560
Let a(f) = 30*f**2 - 38*f - 162. Determine a(-4).
470
Let o(k) = 64*k + 470. Determine o(-7).
22
Let g(i) = -3*i**3 - 13*i**2 + 99*i - 13. Determine g(-8).
-101
Let z(a) = -2*a**2 - 37*a + 125. Determine z(4).
-55
Let h(q) = q**2 - 2*q - 782. What is h(-27)?
1
Let c(g) = -1492*g + 10405. Calculate c(7).
-39
Let q(g) = g**2 - 38*g - 85. Give q(-2).
-5
Let y(r) = 983*r - 12780. Give y(13).
-1
Let f(w) = 51*w + 209. Give f(-5).
-46
Let x(q) = 2079*q - 4144. Give x(2).
14
Let z(i) = 294*i + 25580. Determine z(-87).
2
Let r(f) = -f**3 - 54*f**2 + 559*f - 512. Give r(-63).
-8
Let s(i) = -2*i**3 + 44*i**2 + 147*i + 51. Calculate s(25).
-24
Let p(i) = -i**2 + 306*i + 2838. What is p(-9)?
3
Let y(z) = 9492*z + 28457. Calculate y(-3).
-19
Let y(p) = -p**2 - 515*p - 25723. Give y(-56).
-19
Let d(x) = x**2 - 126*x + 410. Calculate d(122).
-78
Let q(o) = 344*o + 1038. Determine q(-3).
6
Let v(t) = -2*t**3 + 52*t**2 - 41*t - 196. Give v(25).
29
Let v(h) = -3*h**2 - 360*h + 358. Calculate v(-121).
-5
Let s(f) = 2*f**3 + 45*f**2 + 20*f - 49. What is s(-22)?
-5
Let d(y) = 3*y**2 + 615*y + 4149. Give d(-198).
-9
Let l(b) = -264*b + 2409. What is l(5)?
1089
Let i(a) = 80*a + 1651. Calculate i(-20).
51
Let f(y) = 31*y + 1059. Give f(-34).
5
Let k(z) = -5*z**3 - 22*z**2 - 19*z + 21. Calculate k(-3).
15
Let b(i) = -16*i - 734. Determine b(-11).
-558
Let j(l) = -8*l**2 + 109*l + 465. Give j(17).
6
Let p(b) = 5*b**3 + 108*b**2 + 63*b - 9. What is p(-21)?
-9
Let g(c) = -133*c - 943. What is g(-7)?
-12
Let d(s) = -146*s - 682. Calculate d(-5).
48
Let q(c) = 9*c**2 + 172*c + 20. Give q(-19).
1
Let n(y) = 156*y + 8719. Determine n(-56).
-17
Let r(w) = w**3 + 43*w**2 + 27*w - 633. What is r(-42)?
-3
Let s(l) = l**3 - 29*l**2 + 156*l + 12. Give s(7).
26
Let l(g) = 53*g - 34. Determine l(0).
-34
Let b(h) = -11*h + 155. Calculate b(5).
100
Let i(b) = -17*b - 1. Determine i(2).
-35
Let h(j) = 38*j**2 + 478*j + 5. Determine h(-13).
213
Let s(h) = -9*h**3 + 153*h**2 - 148*h - 26. Calculate s(16).
-90
Let i(a) = 16*a - 262. Determine i(18).
26
Let a(m) = 570*m + 2842. Calculate a(-5).
-8
Let g(v) = -7*v**2 + 272*v + 129. What is g(39)?
90
Let r(m) = 2*m + 22. Calculate r(-22).
-22
Let g(h) = h**3 - 2*h**2 + 3*h - 36. Calculate g(4).
8
Let q(z) = 10*z - 569. Determine q(66).
91
Let y(l) = -1816*l + 18166. Calculate y(10).
6
Let a(v) = -v**3 + 8*v**2 - 11*v + 40. Determine a(5).
60
Let d(w) = -74*w + 963. What is d(7)?
445
Let t(i) = 10*i**3 + 735*i**2 + 364*i - 58. What is t(-73)?
15
Let i(f) = 3*f**3 - 104*f**2 + 166*f - 21. Calculate i(33).
12
Let f(o) = 2*o**3 - 6*o - 3. Give f(-1).
1
Let a(o) = -o**3 - o**2 + 5*o - 5. What is a(0)?
-5
Let u(x) = 26*x - 10. Determine u(5).
120
Let f(k) = -117*k - 1018. Give f(-9).
35
Let c(s) = 2417*s - 12072. Calculate c(5).
13
Let x(v) = v + 96. Calculate x(-105).
-9
Let o(f) = -125*f - 18. Give o(-1).
107
Let f(r) = -r**2 - 22*r - 43. Calculate f(-23).
-66
Let l(f) = -f**2 + 8*f + 156. Calculate l(-8).
28
Let o(g) = 22*g + 1054. Determine o(-16).
702
Let l(w) = -220*w - 4848. What is l(-22)?
-8
Let v(m) = 89*m + 1979. Give v(-23).
-68
Let z(q) = -478*q**2 + 1924*q + 3. Determine z(4).
51
Let s(b) = b**3 + 38*b**2 + 12*b + 332. Determine s(-38).
-124
Let y(j) = 134*j**3 - j**2 - 55*j - 55. Calculate y(-1).
-135
Let l(s) = -14*s + 395. What is l(19)?
129
Let l(c) = 24*c**2 - 13*c - 34. Calculate l(-2).
88
Let p(a) = -a**2 + 40*a - 349. Determine p(12).
-13
Let k(n) = -n**3 - 26*n**2 + 60*n + 101. Determine k(-28).
-11
Let o(k) = -13*k**2 + 358*k - 1657. Give o(6).
23
Let z(h) = h**3 + 42*h**2 + 45*h + 155. What is z(-41)?
-9
Let j(p) = -4*p**2 + 11*p - 7. Determine j(7).
-126
Let d(k) = -3*k**2 + 64*k - 30. Calculate d(21).
-9
Let o(b) = -189*b + 545. Calculate o(3).
-22
Let g(n) = -181*n - 3072. Give g(-17).
5
Let b(s) = -3*s**2 - 59*s - 33. What is b(-21)?
-117
Let c(t) = t**2 + 290*t + 2448. Give c(-9).
-81
Let x(w) = 107*w - 707. Calculate x(7).
42
Let f(p) = -57*p**2 - 6. What is f(1)?
-63
Let m(w) = 15*w - 259. What is m(22)?
71
Let f(p) = p**2 - 2962*p + 47143. Give f(16).
7
Let o(q) = -q**3 - 9*q**2 + 42*q + 352. Determine o(-8).
-48
Let g(y) = -2*y**2 + 9*y + 597. What is g(27)?
-618
Let d(r) = -462*r + 1382. Determine d(3).
-4
Let r(s) = 286*s - 5821. Calculate r(20).
-101
Let x(n) = 22*n - 904. Give x(40).
-24
Let z(g) = 119*g**2 - 2*g - 7. What is z(0)?
-7
Let g(w) = -28*w + 174. What is g(11)?
-134
Let r(v) = -15*v**2 + 247*v + 20. What is r(16)?
132
Let c(g) = 55*g - 266. What is c(5)?
9
Let j(k) = 60*k - 310. Calculate j(6).
50
Let w(k) = -k**3 - 52*k**2 + 48*k - 177. What is w(-53)?
88
Let y(a) = 7*a**2 + 50*a + 25. Calculate y(-6).
-23
Let l(p) = -p**3 - 11*p**2 - 7*p - 23. Calculate l(-7).
-170
Let t(x) = -7*x**3 + 12*x**2 - 16*x + 4. What is t(4)?
-316
Let j(a) = -2*a**3 + 26*a**2 - 88*a + 10. Give j(6).
-14
Let r(b) = -4*b**3 + 15*b**2 - 1. What is r(4)?
-17
Let o(y) = y**3 + 65*y**2 - 39. Calculate o(-65).
-39
Let r(b) = -4*b**2 + 155*b - 110. Determine r(38).
4
Let f(n) = -3*n - 284. Give f(-62).
-98
Let b(u) = 22*u + 214. Determine b(-9).
16
Let s(v) = v**3 - 26*v**2 + 58*v - 249. What is s(24)?
-9
Let a(n) = -14*n + 1418. Calculate a(100).
18
Let y(t) = -2*t**3 + 27*t**2 - 15*t + 19. Calculate y(13).
-7
Let a(m) = -6*m**2 + 337*m + 2172. Calculate a(62).
2
Let l(f) = 27*f**2 + 98*f + 317. Calculate l(-3).
266
Let n(v) = -v**3 - 12*v**2 + 12*v + 8. Calculate n(-13).
21
Let f(l) = 16*l**3 + l**2 + 4*l - 16. Give f(2).
124
Let y(p) = 72*p - 1046. What is y(13)?
-110
Let o(j) = -6*j**2 - 19*j + 94. Calculate o(6).
-236
Let o(z) = z**3 - 7*z**2 - 101*z - 15. Calculate o(-7).
6
Let a(z) = -30*z + 63. What is a(0)?
63
Let g(d) = 109*d**3 - 3*d**2 + 5*d + 8. Calculate g(-1).
-109
Let k(j) = 9*j + 287. What is k(-31)?
8
Let j(v) = -15*v**2 - 5*v - 3. What is j(-2)?
-53
Let c(j) = 1066*j + 10666. Give c(-10).
6
Let k(v) = -7*v**2 - 53*v - 30. Determine k(-6).
36
Let h(x) = 321*x - 1280. Determine h(4).
4
Let a(q) = -q**3 + 6*q**2 - 10*q + 21. Determine a(7).
-98
Let u(v) = 3*v**2 - 2*v - 24. Give u(-9).
237
Let z(a) = 326*a - 706. Calculate z(0).
-706
Let q(u) = 10515*u + 21025. Determine q(-2).
-5
Let m(t) = 805*t + 4839. Give m(-6).
9
Let p(d) = d**3 + 19*d**2 + 89*d + 18. Determine p(-9).
27
Let h(l) = -137*l + 1868. What is h(13)?
87
Let g(b) = 2*b**3 + 32*b**2 - 70*b - 575. Calculate g(-17).
37
Let v(g) = -g**3 + 21*g**2 - 70*g + 7. Give v(17).
-27
Let l(y) = 305*y - 2135. Determine l(7).
0
Let w(h) = -8*h**3 + 137*h**2 - 19*h + 41. What is w(17)?
7
Let x(t) = 5*t - 189. Give x(38).
1
Let m(t) = -2*t**3 + 66*t**2 + 74*t - 168. Give m(34).
36
Let f(o) = -121*o + 1092. Give f(5).
487
Let l(t) = -47*t - 94. What is l(-4)?
94
Let j(z) = -7832*z + 15667. Calculate j(2).
3
Let w(r) = -r**3 - 15*r**2 + 64*r + 626. Determine w(-17).
116
Let n(j) = -9628*j - 491031. What is n(-51)?
-3
Let p(b) = 320*b**2 + 60800*b + 15. What is p(-190)?
15
Let r(q) = 2*q**3 + 2*q**2 + 8*q - 3. Determine r(-2).
-27
Let j(n) = 173*n - 1164. Calculate j(7).
47
Let l(r) = 36*r - 39. Determine l(2).
33
Let a(w) = -497*w + 13925. Determine a(28).
9
Let w(v) = -v**3 + 13*v**2 + 42*v - 382. What is w(14)?
10
Let b(c) = c + 111. Give b(27).
138
Let b(m) = 2*m**2 - 78*m + 775. Give b(15).
55
Let h(q) = -63*q + 22. What is h(-3)?
211
Let m(f) = -190*f**2 - 2661*f - 19. Give m(-14).
-5
Let z(y) = -63*y - 2042. What is z(-32)?
-26
Let q(f) = 87*f**3 + 4*f**2 + 10*f - 25. Determine q(2).
707
Let r(p) = -135*p + 814. Calculate r(6).
4
Let b(x) = -4*x**2 - 49*x + 93. Calculate b(-14).
-5
Let p(k) = -2*k**3 + 26*k**2 + 73*k - 80. What is p(15)?
115
Let a(v) = -2*v**3 + 448*v**2 + 911*v - 1582. Determine a(226).
0
Let y(q) = 221*q + 1915. Determine y(-9).
-74
Let j(h) = -h**3 - 5*h**2 + 38*h + 8. What is j(5)?
-52
Let x(a) = 531*a + 19635. Calculate x(-37).
-12
Let j(q) = -152*q + 3. What is j(-1)?
155
Let f(x) = -2*x**3 + 3*x**2 - 3*x + 13. Determine f(-4).
201
Le